{"id":207,"date":"2009-08-03T23:21:41","date_gmt":"2009-08-03T22:21:41","guid":{"rendered":"http:\/\/netrix.org.pl\/?page_id=207"},"modified":"2024-03-15T21:39:22","modified_gmt":"2024-03-15T20:39:22","slug":"sdkmeshinfo","status":"publish","type":"page","link":"http:\/\/netrix.org.pl\/index.php\/programy\/sdkmeshinfo\/","title":{"rendered":"SDKMeshInfo"},"content":{"rendered":"<p><\/a>Jest to program do podgl\u0105du nag\u0142\u00f3wk\u00f3w znajduj\u0105cych si\u0119 w plikach .sdkmesh. DirectX SDK zawiera wiele modeli zapisanych w tym formacie. Wykorzystuj\u0105c t\u0119 aplikacj\u0119 mo\u017cna uzyska\u0107 szczeg\u00f3\u0142owe informacje na temat danego pliku.<br \/>\n<a href=\"http:\/\/netrix.org.pl\/wp-content\/2009\/08\/pike.png\"><img loading=\"lazy\" decoding=\"async\" src=\"http:\/\/netrix.org.pl\/wp-content\/2009\/08\/pike-300x180.png\" alt=\"SDKMeshInfo\" title=\"SDKMeshInfo\" width=\"300\" height=\"180\" class=\"size-medium wp-image-197\" srcset=\"http:\/\/netrix.org.pl\/wp-content\/2009\/08\/pike-300x180.png 300w, http:\/\/netrix.org.pl\/wp-content\/2009\/08\/pike.png 728w\" sizes=\"(max-width: 300px) 100vw, 300px\" \/><br \/>\n<a href=\"http:\/\/netrix.org.pl\/content\/blog\/SDKMeshInfo.zip\">Download<\/a><\/p>\n","protected":false},"excerpt":{"rendered":"<p>Jest to program do podgl\u0105du nag\u0142\u00f3wk\u00f3w znajduj\u0105cych si\u0119 w plikach .sdkmesh. DirectX SDK zawiera wiele modeli zapisanych w tym formacie. Wykorzystuj\u0105c t\u0119 aplikacj\u0119 mo\u017cna uzyska\u0107 szczeg\u00f3\u0142owe informacje na temat danego pliku. Download<\/p>\n","protected":false},"author":1,"featured_media":0,"parent":15,"menu_order":0,"comment_status":"closed","ping_status":"closed","template":"","meta":{"footnotes":""},"_links":{"self":[{"href":"http:\/\/netrix.org.pl\/index.php\/wp-json\/wp\/v2\/pages\/207"}],"collection":[{"href":"http:\/\/netrix.org.pl\/index.php\/wp-json\/wp\/v2\/pages"}],"about":[{"href":"http:\/\/netrix.org.pl\/index.php\/wp-json\/wp\/v2\/types\/page"}],"author":[{"embeddable":true,"href":"http:\/\/netrix.org.pl\/index.php\/wp-json\/wp\/v2\/users\/1"}],"replies":[{"embeddable":true,"href":"http:\/\/netrix.org.pl\/index.php\/wp-json\/wp\/v2\/comments?post=207"}],"version-history":[{"count":5,"href":"http:\/\/netrix.org.pl\/index.php\/wp-json\/wp\/v2\/pages\/207\/revisions"}],"predecessor-version":[{"id":1641,"href":"http:\/\/netrix.org.pl\/index.php\/wp-json\/wp\/v2\/pages\/207\/revisions\/1641"}],"up":[{"embeddable":true,"href":"http:\/\/netrix.org.pl\/index.php\/wp-json\/wp\/v2\/pages\/15"}],"wp:attachment":[{"href":"http:\/\/netrix.org.pl\/index.php\/wp-json\/wp\/v2\/media?parent=207"}],"curies":[{"name":"wp","href":"https:\/\/api.w.org\/{rel}","templated":true}]}}